alse
Is 2579 a composite number?
False
Is 842393 a composite number?
False
Is 165587 a composite number?
False
Is 8354 composite?
True
Is 21311 a composite number?
True
Is 3327 a composite number?
True
Is 33997 composite?
False
Is 220265 a prime number?
False
Is 3401 a composite number?
True
Is 70051 composite?
False
Is 123649 a composite number?
True
Is 32681 a composite number?
True
Is 618083 a composite number?
False
Is 4547 prime?
True
Is 2700505 prime?
False
Is 2304461 a composite number?
False
Is 4643 composite?
False
Is 831 prime?
False
Is 49991 composite?
False
Is 841 a prime number?
False
Is 1993855 a composite number?
True
Is 1117453 a composite number?
True
Is 272849 a prime number?
False
Is 12437 a composite number?
False
Is 24221 a composite number?
True
Is 792317 prime?
True
Is 161 composite?
True
Is 202907 a prime number?
True
Is 33479 a composite number?
False
Is 40583 prime?
True
Is 293 composite?
False
Is 14281 prime?
True
Is 1847 a prime number?
True
Is 40601 composite?
True
Is 182269 a prime number?
False
Is 74389 a prime number?
False
Is 133733 prime?
True
Is 9599 prime?
False
Is 11409 a prime number?
False
Is 9173 prime?
True
Is 26453 a prime number?
False
Is 30731 a prime number?
False
Is 2157563 a composite number?
False
Is 9029 composite?
False
Is 12286 composite?
True
Is 513593 prime?
True
Is 48017 a prime number?
True
Is 163193 composite?
False
Is 393019 a prime number?
False
Is 697 a prime number?
False
Is 213357 prime?
False
Is 339767 composite?
True
Is 29899 composite?
True
Is 1025773 prime?
False
Is 1178801 a composite number?
True
Is 438671 a composite number?
False
Is 114505 a prime number?
False
Is 3761 a prime number?
True
Is 38693 a composite number?
False
Is 285221 prime?
True
Is 4987 prime?
True
Is 184823 composite?
False
Is 13289 composite?
True
Is 302053 a prime number?
True
Is 35239 a composite number?
True
Is 248639 a prime number?
True
Is 645979 a composite number?
False
Is 280961 a composite number?
True
Is 797879 a composite number?
True
Is 4391 a prime number?
True
Is 2663381 a prime number?
False
Is 568877 a composite number?
False
Is 54037 composite?
False
Is 315893 composite?
False
Is 13371 composite?
True
Is 1901 a composite number?
False
Is 10517 composite?
True
Is 1365841 composite?
True
Is 3505 composite?
True
Is 99838 a composite number?
True
Is 146407 a composite number?
False
Is 502919 a composite number?
False
Is 2299009 prime?
False
Is 403783 prime?
True
Is 7289 composite?
True
Is 318427 a composite number?
True
Is 65779 a composite number?
True
Is 1886657 a composite number?
False
Is 176141 a prime number?
False
Is 152123 prime?
True
Is 1135 a prime number?
False
Is 1727 a composite number?
True
Is 74029 a composite number?
True
Is 32603 a prime number?
True
Is 385057 a prime number?
True
Is 1245769 a prime number?
False
Is 8008235 a composite number?
True
Is 130547 composite?
False
Is 174449 composite?
True
Is 3298771 a composite number?
True
Is 18751 a prime number?
False
Is 11369 a prime number?
True
Is 42899 prime?
True
Is 2899 prime?
False
Is 2265143 a prime number?
True
Is 21253 composite?
True
Is 6385 composite?
True
Is 83351 prime?
False
Is 1383815 prime?
False
Is 171527 prime?
False
Is 285491 a prime number?
False
Is 1097221 a prime number?
True
Is 8143 a composite number?
True
Is 4997 a composite number?
True
Is 164279 prime?
True
Is 1128179 a composite number?
True
Is 23719 a composite number?
False
Is 18881 composite?
True
Is 559373 prime?
False
Is 5277 prime?
False
Is 305993 a prime number?
False
Is 485049 a prime number?
False
Is 1535095 prime?
False
Is 6295 a composite number?
True
Is 4177 a composite number?
False
Is 2302423 composite?
True
Is 51605 prime?
False
Is 142491 a composite number?
True
Is 30637 a prime number?
True
Is 43655 a composite number?
True
Is 1160099 composite?
True
Is 11129 prime?
False
Is 391973 a composite number?
True
Is 751691 prime?
True
Is 882433 a composite number?
False
Is 62273 composite?
False
Is 21869 a composite number?
True
Is 17657 prime?
True
Is 359211 a composite number?
True
Is 2174321 composite?
False
Is 4171 a composite number?
True
Is 13921 prime?
True
Is 61247 composite?
True
Is 10167 prime?
False
Is 5006 a composite number?
True
Is 61559 prime?
True
Is 1672043 prime?
False
Is 39811 a composite number?
True
Is 38069 composite?
False
Is 106049 composite?
True
Is 36479 prime?
True
Is 193337 composite?
False
Is 11863 a composite number?
False
Is 1363 a prime number?
False
Is 1445929 composite?
False
Is 324839 prime?
True
Is 1423 a composite number?
False
Is 58119 composite?
True
Is 9781 a composite number?
False
Is 10367 prime?
False
Is 268439 a composite number?
False
Is 2606471 composite?
True
Is 14171 composite?
True
Is 683029 a composite number?
True
Is 28843 a composite number?
False
Is 223 a composite number?
False
Is 1044143 a prime number?
False
Is 91741 a prime number?
False
Is 633 a prime number?
False
Is 3709 composite?
False
Is 17167 composite?
False
Is 12605 a prime number?
False
Is 123791 a prime number?
True
Is 1751 a prime number?
False
Is 33721 a composite number?
False
Is 40739 a composite number?
False
Is 931055 composite?
True
Is 1045321 a prime number?
True
Is 30563 composite?
True
Is 5461 composite?
True
Is 999841 prime?
False
Is 13381 prime?
True
Is 40231 prime?
True
Is 6499 composite?
True
Is 3742 a prime number?
False
Is 1439 a composite number?
False
Is 352279 a composite number?
True
Is 205297 composite?
False
Is 131559 a prime number?
False
Is 87179 a composite number?
False
Is 53959 composite?
False
Is 436591 a prime number?
True
Is 395821 a prime number?
False
Is 12577 prime?
True
Is 25351 a composite number?
True
Is 1734891 a composite number?
True
Is 486833 prime?
True
Is 5779 composite?
False
Is 16759 prime?
True
Is 90659 prime?
True
Is 331069 a prime number?
False
Is 8663 prime?
True
Is 28981 a prime number?
False
Is 47629 prime?
True
Is 119703 prime?
False
Is 44435 composite?
True
Is 36341 prime?
True
Is 499 prime?
True
Is 390917 composite?
True
Is 1024073 a prime number?
True
Is 32729 a composite number?
True
Is 80399 prime?
False
Is 114549 a prime number?
False
Is 2899 composite?
True
Is 51539 prime?
True
Is 545187 a composite number?
True
Is 28115 a composite number?
True
Is 10135 a prime number?
False
Is 332698 composite?
True
Is 532999 composite?
False
Is 135257 composite?
False
Is 56279 composite?
True
Is 27611 composite?
False
Is 1343869 composite?
True
Is 3314 composite?
True
Is 31051 a prime number?
True
Is 2035469 prime?
False
Is 409079 composite?
True
Is 60689 a prime number?
True
Is 42059 a prime number?
False
Is 22921 a prime number?
True
Is 303217 composite?
False
Is 6373 prime?
True
Is 869401 a prime number?
False
Is 569545 a composite number?
True
Is 1530977 a prime number?
False
Is 36881 composite?
True
Is 301123 a composite number?
False
Is 287551 a composite number?
True
Is 121879 prime?
False
Is 145381 a composite number?
False
Is 4391 a prime number?
True
Is 80029 a prime number?
False
Is 132409 composite?
False
Is 94687 prime?
True
Is 491551 composite?
True
Is 1879 prime?
True
Is 27539 a prime number?
True
Is 142897 a composite number?
False
Is 51661 a prime number?
False
Is 696107 a prime number?
True
Is 89437 a prime number?
False
Is 19919 a prime number?
True
Is 15859 a prime number?
True
Is 6637 a prime number?
True
Is 34393 prime?
False
Is 439201 a prime number?
False
Is 4759 prime?
True
Is 278801 composite?
False
Is 26251 prime?
True
Is 74446 composite?
True
Is 2579 a prime number?
True
Is 74267 a composite number?
True
Is 1693 a composite number?
False
Is 5981 prime?
True
Is 5755 prime?
False
Is 26237 a composite number?
False
Is 5293 composite?
True
Is 945947 prime?
False
Is 376213 a composite number?
True
Is 39749 a prime number?
True
Is 1014451 a composite number?
False
Is 47881 a prime number?
True
Is 20245 composite?
True
Is 97131 composite?
True
Is 926011 a prime number?
False
Is 18301 composite?
False
Is 54869 prime?
True
Is 159019 a prime number?
False
Is 1091113 a composite number?
True
Is 814647 a composite number?
True
Is 866519 a prime number?
True
Is 132239 a prime number?
False
Is 15053 composite?
False
Is 21101 a prime number?
True
Is 2181017 a prim